{"id":16,"date":"2018-07-29T09:57:37","date_gmt":"2018-07-29T09:57:37","guid":{"rendered":"http:\/\/ferienwohnung-rosimueller.de\/?page_id=16"},"modified":"2025-10-14T09:38:47","modified_gmt":"2025-10-14T09:38:47","slug":"ferienwohnung","status":"publish","type":"page","link":"https:\/\/ferienwohnung-rosimueller.de\/?page_id=16","title":{"rendered":"Ferienwohnung"},"content":{"rendered":"<h4 style=\"text-align: center;\">Kalenborn, auf den Bergen am Rande des Ahrtals gelegnen, mit herrlichen Ausblick \u00fcber die Umgebung<\/h4>\n<p style=\"text-align: center;\">Genie\u00dfen Sie Abseits von Stress und Trubel die Natur<\/p>\n<p style=\"text-align: center;\">Unmittelbarer Einstiegsm\u00f6glichkeit in den bereits heute zu den gr\u00f6\u00dften Nordic Walking Parks Europas z\u00e4hlenden Naturstrecken.<\/p>\n<hr \/>\n<h5>Beschreibung der Ferienwohnung:<\/h5>\n<ul>\n<li>Sch\u00f6ne helle 70qm Wohnung mit separatem Eingang, bis 4 Personen<\/li>\n<li>Einbauk\u00fcche (voll ausgestattet)<\/li>\n<li>Ger\u00e4umige Abstellkammer mit viel Stauraum<\/li>\n<li>Gro\u00dfe K\u00fcche mit gem\u00fctlichem Essplatz<\/li>\n<li>sch\u00f6n eingerichtetes separates Schlafzimmer<\/li>\n<li>Wohnzimmer mit Sat- TV und gro\u00dfer Schlafcouch<\/li>\n<li>Bad mit Dusche und WC<\/li>\n<\/ul>\n<hr \/>\n<h1 style=\"text-align: center;\">\u2014Ferienwohnung\u2014<img loading=\"lazy\" decoding=\"async\" class=\"aligncenter size-full wp-image-202\" src=\"http:\/\/ferienwohnung-rosimueller.de\/wp-content\/uploads\/2025\/10\/grundriss3-ohne-Fitness.jpg\" alt=\"\" width=\"730\" height=\"495\" srcset=\"https:\/\/ferienwohnung-rosimueller.de\/wp-content\/uploads\/2025\/10\/grundriss3-ohne-Fitness.jpg 730w, https:\/\/ferienwohnung-rosimueller.de\/wp-content\/uploads\/2025\/10\/grundriss3-ohne-Fitness-300x203.jpg 300w\" sizes=\"auto, (max-width: 730px) 100vw, 730px\" \/><\/h1>\n<div data-carousel-extra='{\"blog_id\":1,\"permalink\":\"https:\\\/\\\/ferienwohnung-rosimueller.de\\\/?page_id=16\"}' id='gallery-1' class='gallery galleryid-16 gallery-columns-2 gallery-size-full'><figure class='gallery-item'>\n\t\t\t<div class='gallery-icon landscape'>\n\t\t\t\t<a href='https:\/\/ferienwohnung-rosimueller.de\/wp-content\/uploads\/2018\/08\/IMG_20180623_124847.jpg'><img loading=\"lazy\" decoding=\"async\" data-attachment-id=\"105\" data-orig-file=\"https:\/\/ferienwohnung-rosimueller.de\/wp-content\/uploads\/2018\/08\/IMG_20180623_124847.jpg\" data-orig-size=\"4608,2592\" data-comments-opened=\"0\" data-image-meta=\"{&quot;aperture&quot;:&quot;1.7&quot;,&quot;credit&quot;:&quot;&quot;,&quot;camera&quot;:&quot;ONEPLUS A5000&quot;,&quot;caption&quot;:&quot;&quot;,&quot;created_timestamp&quot;:&quot;1529758127&quot;,&quot;copyright&quot;:&quot;&quot;,&quot;focal_length&quot;:&quot;4.103&quot;,&quot;iso&quot;:&quot;320&quot;,&quot;shutter_speed&quot;:&quot;0.00086805555555556&quot;,&quot;title&quot;:&quot;&quot;,&quot;orientation&quot;:&quot;0&quot;,&quot;keywords&quot;:&quot;Array&quot;}\" data-image-title=\"\" data-image-description=\"\" data-medium-file=\"https:\/\/ferienwohnung-rosimueller.de\/wp-content\/uploads\/2018\/08\/IMG_20180623_124847-300x169.jpg\" data-large-file=\"https:\/\/ferienwohnung-rosimueller.de\/wp-content\/uploads\/2018\/08\/IMG_20180623_124847-1024x576.jpg\" width=\"4608\" height=\"2592\" src=\"https:\/\/ferienwohnung-rosimueller.de\/wp-content\/uploads\/2018\/08\/IMG_20180623_124847.jpg\" class=\"attachment-full size-full\" alt=\"\" srcset=\"https:\/\/ferienwohnung-rosimueller.de\/wp-content\/uploads\/2018\/08\/IMG_20180623_124847.jpg 4608w, https:\/\/ferienwohnung-rosimueller.de\/wp-content\/uploads\/2018\/08\/IMG_20180623_124847-300x169.jpg 300w, https:\/\/ferienwohnung-rosimueller.de\/wp-content\/uploads\/2018\/08\/IMG_20180623_124847-768x432.jpg 768w, https:\/\/ferienwohnung-rosimueller.de\/wp-content\/uploads\/2018\/08\/IMG_20180623_124847-1024x576.jpg 1024w\" sizes=\"auto, 100vw\" \/><\/a>\n\t\t\t<\/div><\/figure><figure class='gallery-item'>\n\t\t\t<div class='gallery-icon landscape'>\n\t\t\t\t<a href='https:\/\/ferienwohnung-rosimueller.de\/wp-content\/uploads\/2018\/08\/IMG_20180623_124950.jpg'><img loading=\"lazy\" decoding=\"async\" data-attachment-id=\"106\" data-orig-file=\"https:\/\/ferienwohnung-rosimueller.de\/wp-content\/uploads\/2018\/08\/IMG_20180623_124950.jpg\" data-orig-size=\"4608,2592\" data-comments-opened=\"0\" data-image-meta=\"{&quot;aperture&quot;:&quot;1.7&quot;,&quot;credit&quot;:&quot;&quot;,&quot;camera&quot;:&quot;ONEPLUS A5000&quot;,&quot;caption&quot;:&quot;&quot;,&quot;created_timestamp&quot;:&quot;1529758190&quot;,&quot;copyright&quot;:&quot;&quot;,&quot;focal_length&quot;:&quot;4.103&quot;,&quot;iso&quot;:&quot;125&quot;,&quot;shutter_speed&quot;:&quot;0.0017636684303351&quot;,&quot;title&quot;:&quot;&quot;,&quot;orientation&quot;:&quot;0&quot;,&quot;keywords&quot;:&quot;Array&quot;}\" data-image-title=\"\" data-image-description=\"\" data-medium-file=\"https:\/\/ferienwohnung-rosimueller.de\/wp-content\/uploads\/2018\/08\/IMG_20180623_124950-300x169.jpg\" data-large-file=\"https:\/\/ferienwohnung-rosimueller.de\/wp-content\/uploads\/2018\/08\/IMG_20180623_124950-1024x576.jpg\" width=\"4608\" height=\"2592\" src=\"https:\/\/ferienwohnung-rosimueller.de\/wp-content\/uploads\/2018\/08\/IMG_20180623_124950.jpg\" class=\"attachment-full size-full\" alt=\"\" srcset=\"https:\/\/ferienwohnung-rosimueller.de\/wp-content\/uploads\/2018\/08\/IMG_20180623_124950.jpg 4608w, https:\/\/ferienwohnung-rosimueller.de\/wp-content\/uploads\/2018\/08\/IMG_20180623_124950-300x169.jpg 300w, https:\/\/ferienwohnung-rosimueller.de\/wp-content\/uploads\/2018\/08\/IMG_20180623_124950-768x432.jpg 768w, https:\/\/ferienwohnung-rosimueller.de\/wp-content\/uploads\/2018\/08\/IMG_20180623_124950-1024x576.jpg 1024w\" sizes=\"auto, 100vw\" \/><\/a>\n\t\t\t<\/div><\/figure><figure class='gallery-item'>\n\t\t\t<div class='gallery-icon landscape'>\n\t\t\t\t<a href='https:\/\/ferienwohnung-rosimueller.de\/wp-content\/uploads\/2018\/07\/eszimmer1.jpg'><img loading=\"lazy\" decoding=\"async\" data-attachment-id=\"50\" data-orig-file=\"https:\/\/ferienwohnung-rosimueller.de\/wp-content\/uploads\/2018\/07\/eszimmer1.jpg\" data-orig-size=\"450,300\" data-comments-opened=\"1\" data-image-meta=\"{&quot;aperture&quot;:&quot;0&quot;,&quot;credit&quot;:&quot;&quot;,&quot;camera&quot;:&quot;&quot;,&quot;caption&quot;:&quot;&quot;,&quot;created_timestamp&quot;:&quot;0&quot;,&quot;copyright&quot;:&quot;&quot;,&quot;focal_length&quot;:&quot;0&quot;,&quot;iso&quot;:&quot;0&quot;,&quot;shutter_speed&quot;:&quot;0&quot;,&quot;title&quot;:&quot;&quot;,&quot;orientation&quot;:&quot;1&quot;,&quot;keywords&quot;:&quot;Array&quot;}\" data-image-title=\"\" data-image-description=\"\" data-medium-file=\"https:\/\/ferienwohnung-rosimueller.de\/wp-content\/uploads\/2018\/07\/eszimmer1-300x200.jpg\" data-large-file=\"https:\/\/ferienwohnung-rosimueller.de\/wp-content\/uploads\/2018\/07\/eszimmer1.jpg\" width=\"450\" height=\"300\" src=\"https:\/\/ferienwohnung-rosimueller.de\/wp-content\/uploads\/2018\/07\/eszimmer1.jpg\" class=\"attachment-full size-full\" alt=\"\" srcset=\"https:\/\/ferienwohnung-rosimueller.de\/wp-content\/uploads\/2018\/07\/eszimmer1.jpg 450w, https:\/\/ferienwohnung-rosimueller.de\/wp-content\/uploads\/2018\/07\/eszimmer1-300x200.jpg 300w\" sizes=\"auto, 100vw\" \/><\/a>\n\t\t\t<\/div><\/figure><figure class='gallery-item'>\n\t\t\t<div class='gallery-icon landscape'>\n\t\t\t\t<a href='https:\/\/ferienwohnung-rosimueller.de\/wp-content\/uploads\/2018\/07\/eszimmer3.jpg'><img loading=\"lazy\" decoding=\"async\" data-attachment-id=\"51\" data-orig-file=\"https:\/\/ferienwohnung-rosimueller.de\/wp-content\/uploads\/2018\/07\/eszimmer3.jpg\" data-orig-size=\"450,300\" data-comments-opened=\"1\" data-image-meta=\"{&quot;aperture&quot;:&quot;0&quot;,&quot;credit&quot;:&quot;&quot;,&quot;camera&quot;:&quot;&quot;,&quot;caption&quot;:&quot;&quot;,&quot;created_timestamp&quot;:&quot;0&quot;,&quot;copyright&quot;:&quot;&quot;,&quot;focal_length&quot;:&quot;0&quot;,&quot;iso&quot;:&quot;0&quot;,&quot;shutter_speed&quot;:&quot;0&quot;,&quot;title&quot;:&quot;&quot;,&quot;orientation&quot;:&quot;1&quot;,&quot;keywords&quot;:&quot;Array&quot;}\" data-image-title=\"\" data-image-description=\"\" data-medium-file=\"https:\/\/ferienwohnung-rosimueller.de\/wp-content\/uploads\/2018\/07\/eszimmer3-300x200.jpg\" data-large-file=\"https:\/\/ferienwohnung-rosimueller.de\/wp-content\/uploads\/2018\/07\/eszimmer3.jpg\" width=\"450\" height=\"300\" src=\"https:\/\/ferienwohnung-rosimueller.de\/wp-content\/uploads\/2018\/07\/eszimmer3.jpg\" class=\"attachment-full size-full\" alt=\"\" srcset=\"https:\/\/ferienwohnung-rosimueller.de\/wp-content\/uploads\/2018\/07\/eszimmer3.jpg 450w, https:\/\/ferienwohnung-rosimueller.de\/wp-content\/uploads\/2018\/07\/eszimmer3-300x200.jpg 300w\" sizes=\"auto, 100vw\" \/><\/a>\n\t\t\t<\/div><\/figure><figure class='gallery-item'>\n\t\t\t<div class='gallery-icon landscape'>\n\t\t\t\t<a href='https:\/\/ferienwohnung-rosimueller.de\/wp-content\/uploads\/2018\/07\/keuche.jpg'><img loading=\"lazy\" decoding=\"async\" data-attachment-id=\"54\" data-orig-file=\"https:\/\/ferienwohnung-rosimueller.de\/wp-content\/uploads\/2018\/07\/keuche.jpg\" data-orig-size=\"450,300\" data-comments-opened=\"1\" data-image-meta=\"{&quot;aperture&quot;:&quot;0&quot;,&quot;credit&quot;:&quot;&quot;,&quot;camera&quot;:&quot;&quot;,&quot;caption&quot;:&quot;&quot;,&quot;created_timestamp&quot;:&quot;0&quot;,&quot;copyright&quot;:&quot;&quot;,&quot;focal_length&quot;:&quot;0&quot;,&quot;iso&quot;:&quot;0&quot;,&quot;shutter_speed&quot;:&quot;0&quot;,&quot;title&quot;:&quot;&quot;,&quot;orientation&quot;:&quot;1&quot;,&quot;keywords&quot;:&quot;Array&quot;}\" data-image-title=\"\" data-image-description=\"\" data-medium-file=\"https:\/\/ferienwohnung-rosimueller.de\/wp-content\/uploads\/2018\/07\/keuche-300x200.jpg\" data-large-file=\"https:\/\/ferienwohnung-rosimueller.de\/wp-content\/uploads\/2018\/07\/keuche.jpg\" width=\"450\" height=\"300\" src=\"https:\/\/ferienwohnung-rosimueller.de\/wp-content\/uploads\/2018\/07\/keuche.jpg\" class=\"attachment-full size-full\" alt=\"\" srcset=\"https:\/\/ferienwohnung-rosimueller.de\/wp-content\/uploads\/2018\/07\/keuche.jpg 450w, https:\/\/ferienwohnung-rosimueller.de\/wp-content\/uploads\/2018\/07\/keuche-300x200.jpg 300w\" sizes=\"auto, 100vw\" \/><\/a>\n\t\t\t<\/div><\/figure><figure class='gallery-item'>\n\t\t\t<div class='gallery-icon landscape'>\n\t\t\t\t<a href='https:\/\/ferienwohnung-rosimueller.de\/wp-content\/uploads\/2018\/07\/wohnzimmer.jpg'><img loading=\"lazy\" decoding=\"async\" data-attachment-id=\"55\" data-orig-file=\"https:\/\/ferienwohnung-rosimueller.de\/wp-content\/uploads\/2018\/07\/wohnzimmer.jpg\" data-orig-size=\"450,300\" data-comments-opened=\"1\" data-image-meta=\"{&quot;aperture&quot;:&quot;0&quot;,&quot;credit&quot;:&quot;&quot;,&quot;camera&quot;:&quot;&quot;,&quot;caption&quot;:&quot;&quot;,&quot;created_timestamp&quot;:&quot;0&quot;,&quot;copyright&quot;:&quot;&quot;,&quot;focal_length&quot;:&quot;0&quot;,&quot;iso&quot;:&quot;0&quot;,&quot;shutter_speed&quot;:&quot;0&quot;,&quot;title&quot;:&quot;&quot;,&quot;orientation&quot;:&quot;1&quot;,&quot;keywords&quot;:&quot;Array&quot;}\" data-image-title=\"\" data-image-description=\"\" data-medium-file=\"https:\/\/ferienwohnung-rosimueller.de\/wp-content\/uploads\/2018\/07\/wohnzimmer-300x200.jpg\" data-large-file=\"https:\/\/ferienwohnung-rosimueller.de\/wp-content\/uploads\/2018\/07\/wohnzimmer.jpg\" width=\"450\" height=\"300\" src=\"https:\/\/ferienwohnung-rosimueller.de\/wp-content\/uploads\/2018\/07\/wohnzimmer.jpg\" class=\"attachment-full size-full\" alt=\"\" srcset=\"https:\/\/ferienwohnung-rosimueller.de\/wp-content\/uploads\/2018\/07\/wohnzimmer.jpg 450w, https:\/\/ferienwohnung-rosimueller.de\/wp-content\/uploads\/2018\/07\/wohnzimmer-300x200.jpg 300w\" sizes=\"auto, 100vw\" \/><\/a>\n\t\t\t<\/div><\/figure><figure class='gallery-item'>\n\t\t\t<div class='gallery-icon landscape'>\n\t\t\t\t<a href='https:\/\/ferienwohnung-rosimueller.de\/wp-content\/uploads\/2018\/07\/bett.jpg'><img loading=\"lazy\" decoding=\"async\" data-attachment-id=\"57\" data-orig-file=\"https:\/\/ferienwohnung-rosimueller.de\/wp-content\/uploads\/2018\/07\/bett.jpg\" data-orig-size=\"450,300\" data-comments-opened=\"1\" data-image-meta=\"{&quot;aperture&quot;:&quot;0&quot;,&quot;credit&quot;:&quot;&quot;,&quot;camera&quot;:&quot;&quot;,&quot;caption&quot;:&quot;&quot;,&quot;created_timestamp&quot;:&quot;0&quot;,&quot;copyright&quot;:&quot;&quot;,&quot;focal_length&quot;:&quot;0&quot;,&quot;iso&quot;:&quot;0&quot;,&quot;shutter_speed&quot;:&quot;0&quot;,&quot;title&quot;:&quot;&quot;,&quot;orientation&quot;:&quot;1&quot;,&quot;keywords&quot;:&quot;Array&quot;}\" data-image-title=\"\" data-image-description=\"\" data-medium-file=\"https:\/\/ferienwohnung-rosimueller.de\/wp-content\/uploads\/2018\/07\/bett-300x200.jpg\" data-large-file=\"https:\/\/ferienwohnung-rosimueller.de\/wp-content\/uploads\/2018\/07\/bett.jpg\" width=\"450\" height=\"300\" src=\"https:\/\/ferienwohnung-rosimueller.de\/wp-content\/uploads\/2018\/07\/bett.jpg\" class=\"attachment-full size-full\" alt=\"\" srcset=\"https:\/\/ferienwohnung-rosimueller.de\/wp-content\/uploads\/2018\/07\/bett.jpg 450w, https:\/\/ferienwohnung-rosimueller.de\/wp-content\/uploads\/2018\/07\/bett-300x200.jpg 300w\" sizes=\"auto, 100vw\" \/><\/a>\n\t\t\t<\/div><\/figure><figure class='gallery-item'>\n\t\t\t<div class='gallery-icon landscape'>\n\t\t\t\t<a href='https:\/\/ferienwohnung-rosimueller.de\/wp-content\/uploads\/2018\/07\/bad.jpg'><img loading=\"lazy\" decoding=\"async\" data-attachment-id=\"56\" data-orig-file=\"https:\/\/ferienwohnung-rosimueller.de\/wp-content\/uploads\/2018\/07\/bad.jpg\" data-orig-size=\"450,300\" data-comments-opened=\"1\" data-image-meta=\"{&quot;aperture&quot;:&quot;0&quot;,&quot;credit&quot;:&quot;&quot;,&quot;camera&quot;:&quot;&quot;,&quot;caption&quot;:&quot;&quot;,&quot;created_timestamp&quot;:&quot;0&quot;,&quot;copyright&quot;:&quot;&quot;,&quot;focal_length&quot;:&quot;0&quot;,&quot;iso&quot;:&quot;0&quot;,&quot;shutter_speed&quot;:&quot;0&quot;,&quot;title&quot;:&quot;&quot;,&quot;orientation&quot;:&quot;1&quot;,&quot;keywords&quot;:&quot;Array&quot;}\" data-image-title=\"\" data-image-description=\"\" data-medium-file=\"https:\/\/ferienwohnung-rosimueller.de\/wp-content\/uploads\/2018\/07\/bad-300x200.jpg\" data-large-file=\"https:\/\/ferienwohnung-rosimueller.de\/wp-content\/uploads\/2018\/07\/bad.jpg\" width=\"450\" height=\"300\" src=\"https:\/\/ferienwohnung-rosimueller.de\/wp-content\/uploads\/2018\/07\/bad.jpg\" class=\"attachment-full size-full\" alt=\"\" srcset=\"https:\/\/ferienwohnung-rosimueller.de\/wp-content\/uploads\/2018\/07\/bad.jpg 450w, https:\/\/ferienwohnung-rosimueller.de\/wp-content\/uploads\/2018\/07\/bad-300x200.jpg 300w\" sizes=\"auto, 100vw\" \/><\/a>\n\t\t\t<\/div><\/figure>\n\t\t<\/div>\n\n<hr \/>\n<h1 style=\"text-align: center;\">\u00a0<\/h1>\n\n\n<p><\/p>\n","protected":false},"excerpt":{"rendered":"<p>Kalenborn, auf den Bergen am Rande des Ahrtals gelegnen, mit herrlichen Ausblick \u00fcber die Umgebung Genie\u00dfen Sie Abseits von Stress und Trubel die Natur Unmittelbarer Einstiegsm\u00f6glichkeit in den bereits heute zu den gr\u00f6\u00dften Nordic Walking Parks Europas z\u00e4hlenden Naturstrecken. Beschreibung der Ferienwohnung: Sch\u00f6ne helle 70qm Wohnung mit separatem Eingang, bis 4 Personen Einbauk\u00fcche (voll ausgestattet) &hellip; <\/p>\n<p class=\"link-more\"><a href=\"https:\/\/ferienwohnung-rosimueller.de\/?page_id=16\" class=\"more-link\"><span class=\"screen-reader-text\">\u201eFerienwohnung\u201c<\/span> weiterlesen<\/a><\/p>\n","protected":false},"author":1,"featured_media":0,"parent":15,"menu_order":1,"comment_status":"closed","ping_status":"closed","template":"","meta":{"footnotes":""},"class_list":["post-16","page","type-page","status-publish","hentry"],"_links":{"self":[{"href":"https:\/\/ferienwohnung-rosimueller.de\/index.php?rest_route=\/wp\/v2\/pages\/16","targetHints":{"allow":["GET"]}}],"collection":[{"href":"https:\/\/ferienwohnung-rosimueller.de\/index.php?rest_route=\/wp\/v2\/pages"}],"about":[{"href":"https:\/\/ferienwohnung-rosimueller.de\/index.php?rest_route=\/wp\/v2\/types\/page"}],"author":[{"embeddable":true,"href":"https:\/\/ferienwohnung-rosimueller.de\/index.php?rest_route=\/wp\/v2\/users\/1"}],"replies":[{"embeddable":true,"href":"https:\/\/ferienwohnung-rosimueller.de\/index.php?rest_route=%2Fwp%2Fv2%2Fcomments&post=16"}],"version-history":[{"count":13,"href":"https:\/\/ferienwohnung-rosimueller.de\/index.php?rest_route=\/wp\/v2\/pages\/16\/revisions"}],"predecessor-version":[{"id":208,"href":"https:\/\/ferienwohnung-rosimueller.de\/index.php?rest_route=\/wp\/v2\/pages\/16\/revisions\/208"}],"up":[{"embeddable":true,"href":"https:\/\/ferienwohnung-rosimueller.de\/index.php?rest_route=\/wp\/v2\/pages\/15"}],"wp:attachment":[{"href":"https:\/\/ferienwohnung-rosimueller.de\/index.php?rest_route=%2Fwp%2Fv2%2Fmedia&parent=16"}],"curies":[{"name":"wp","href":"https:\/\/api.w.org\/{rel}","templated":true}]}}